+ 13*u**2 - 25*u + 4. Determine j(2).
-2
Let b(m) = -11*m + 60. Calculate b(6).
-6
Let m(l) = -l**2 + 3*l + 4. What is m(4)?
0
Let a(r) = -2*r + 23. Give a(12).
-1
Let y(w) = -7*w + 5. Determine y(6).
-37
Let z(q) = -q**2 + 5*q - 10. What is z(8)?
-34
Let q(y) = 2*y - 1. Determine q(-17).
-35
Let d(a) = a**3 - 9*a**2 + 3*a + 8. Calculate d(8).
-32
Let g(c) = 2*c - 18. What is g(6)?
-6
Let n(b) = 14*b - 4. Calculate n(-3).
-46
Let q(o) = -3*o**2 - 31*o + 6. What is q(-11)?
-16
Let k(f) = f**2 + 91*f + 509. Give k(-6).
-1
Let d(w) = -4*w + 14. What is d(7)?
-14
Let o(r) = -r**3 + 35*r**2 + 38*r - 83. Calculate o(36).
-11
Let d(s) = -s**3 + 15*s**2 + 54*s - 4. Give d(18).
-4
Let l(f) = f**3 + 11*f**2 + f - 2. Calculate l(-11).
-13
Let m(c) = -c**3 - 11*c**2 - c + 17. Determine m(-11).
28
Let k(p) = 28*p + 262. Determine k(-9).
10
Let v(o) = -o**3 + 9*o**2 + 2*o - 2. What is v(9)?
16
Let q(m) = -m**2 - 4*m - 2. What is q(-3)?
1
Let u(h) = -2*h**3 + 3*h**2 - 2*h + 12. What is u(3)?
-21
Let r(k) = -k**2 - 10*k - 25. What is r(-8)?
-9
Let p(u) = 14*u**2 - 3*u - 2. Give p(-1).
15
Let a(m) = m**2 + 8*m - 3. Give a(-5).
-18
Let j(d) = d**2 - 2*d - 1. Give j(3).
2
Let v(u) = -5*u - 9. Determine v(-3).
6
Let q(g) = 7*g - 7. Give q(2).
7
Let x(w) = w**3 + 2*w**2 - 3*w + 1. What is x(-5)?
-59
Let u(j) = -2*j**2 + 17*j + 23. Determine u(10).
-7
Let v(p) = 6*p + 11. Give v(8).
59
Let c(i) = 2*i**3 + 2*i**2 - i - 1. Determine c(0).
-1
Let d(k) = 2*k - 9. Calculate d(-4).
-17
Let c(j) = 48*j + 239. Calculate c(-5).
-1
Let c(o) = o - 8. What is c(0)?
-8
Let i(d) = d**2 + 7*d - 5. What is i(-7)?
-5
Let s(l) = -l**2 - 29*l - 196. Give s(-8).
-28
Let h(k) = 2*k**3 - k**2 - k + 4. Determine h(2).
14
Let z(i) = 2*i**3 - i - 2. Determine z(-2).
-16
Let y(w) = w**3 + 8*w**2 - 6. Calculate y(-8).
-6
Let n(f) = -12*f + 10. Give n(-1).
22
Let h(c) = -2*c - 4. Give h(-7).
10
Let c(w) = -41*w**2 + 3*w. Determine c(1).
-38
Let n(v) = -v**3 - 52*v**2 - 101*v - 47. Give n(-50).
3
Let q(j) = -j**2 + 24*j - 42. Calculate q(22).
2
Let q(g) = 3*g**3 - g**2 + 1. Determine q(-1).
-3
Let i(r) = 16*r - 11. Determine i(3).
37
Let b(r) = -3*r + 2. Determine b(6).
-16
Let r(d) = d + 2. What is r(-14)?
-12
Let a(x) = -13*x**3 - x**2 + x + 1. Give a(-1).
12
Let n(q) = -8*q - 66. Calculate n(-5).
-26
Let q(s) = -3*s**3 + 7*s**2 - s - 8. Give q(3).
-29
Let w(b) = b - 20. Calculate w(15).
-5
Let v(c) = -14*c**2 - 4*c + 3. Calculate v(2).
-61
Let t(u) = 5*u - 16. Calculate t(5).
9
Let y(w) = -6*w**2 - 6*w - 4. Calculate y(-4).
-76
Let s(k) = k**3 + 10*k**2 - 9*k - 4. What is s(-11)?
-26
Let s(q) = 5*q + 63. What is s(-14)?
-7
Let c(d) = -2*d**2 + 9*d - 3. What is c(9)?
-84
Let i(a) = a - 23. Calculate i(19).
-4
Let c(j) = -8*j + 91. What is c(12)?
-5
Let v(r) = r + 16. Calculate v(-21).
-5
Let t(v) = v**3 - 15*v**2 - 35*v + 23. Determine t(17).
6
Let l(j) = -j**2 - 15*j - 10. Calculate l(-19).
-86
Let y(k) = 4*k + 13. Determine y(-11).
-31
Let t(b) = -b**2 - 5*b + 69. What is t(-11)?
3
Let f(b) = b**2 + 31*b + 66. Determine f(-29).
8
Let i(r) = -r**3 - 2*r**2 - 2*r - 19. Determine i(-6).
137
Let x(a) = -2*a**2 - 17*a - 2. Determine x(-12).
-86
Let q(f) = -f**3 - f**2 + 10. Calculate q(0).
10
Let s(v) = v - 1. Calculate s(4).
3
Let f(l) = -l**2 - 9*l - 4. Determine f(-10).
-14
Let t(s) = 2*s - 30. What is t(12)?
-6
Let d(f) = -2*f + 16. What is d(7)?
2
Let n(b) = b**2 + 14*b - 18. Give n(-15).
-3
Let t(p) = -p**3 - 3*p**2 + p - 38. Calculate t(0).
-38
Let p(r) = -3*r - 6. What is p(-6)?
12
Let r(g) = 23*g - 3. Calculate r(1).
20
Let f(j) = -2*j**3 + 3*j**2 + j. Determine f(4).
-76
Let x(s) = -s**2 + 16*s - 5. Give x(15).
10
Let m(h) = 2*h**3 + 6*h**2 - 2*h + 2. Determine m(-5).
-88
Let z(j) = -j**3 + 9*j**2 - j + 20. What is z(9)?
11
Let b(t) = -t**2 - 10*t + 1. What is b(-6)?
25
Let s(j) = -j**3 + 14*j**2 - 18*j - 10. What is s(13)?
-75
Let h(x) = -6*x + 16. What is h(2)?
4
Let s(p) = -26*p**3 - 4*p**2 + 3*p. Determine s(1).
-27
Let r(l) = l**3 - 6*l**2 + 5*l - 5. What is r(5)?
-5
Let a(p) = p**2 + 14*p - 94. What is a(-19)?
1
Let n(a) = 4*a**3 + 2*a**2 - 2*a + 1. Give n(2).
37
Let r(w) = -4*w**3 - w**2 + 2*w + 4. What is r(-1)?
5
Let i(z) = 3*z**2 + 2*z - 8. Give i(2).
8
Let n(q) = 18*q + 1. Determine n(-2).
-35
Let y(a) = 16*a - 217. Calculate y(13).
-9
Let c(j) = 4*j - 2. Determine c(-3).
-14
Let t(p) = -p**2 + 7*p - 3. Determine t(3).
9
Let q(i) = i**3 - 3*i**2 + 1. Determine q(2).
-3
Let q(b) = b + 1. Determine q(0).
1
Let c(y) = -y - 23. What is c(-24)?
1
Let z(s) = 6*s**2 + s - 3. What is z(2)?
23
Let j(l) = -58*l - 351. Calculate j(-6).
-3
Let s(m) = 3*m + 94. Calculate s(-25).
19
Let p(v) = 9*v - 1. What is p(-4)?
-37
Let g(y) = y**3 - 8*y**2 + 11*y - 12. Give g(9).
168
Let d(f) = -f**3 + 7*f**2 - 5*f + 2. Calculate d(6).
8
Let m(a) = a**3 + 6*a**2 - 9*a - 21. Determine m(-7).
-7
Let r(a) = -a + 19. Determine r(15).
4
Let u(q) = -q**2 - 3*q + 59. Give u(6).
5
Let d(o) = -o**2 + 23*o - 34. Calculate d(21).
8
Let h(w) = -2*w + 1. Calculate h(-7).
15
Let t(u) = u**2 - 27*u - 95. Give t(31).
29
Let w(p) = -14*p + 303. Calculate w(21).
9
Let z(l) = l**3 - 80. Determine z(0).
-80
Let t(b) = b**3 - 4*b**2 + 4*b - 2. Calculate t(2).
-2
Let u(l) = -l**3 - 2*l**2 + 14*l - 3. Determine u(3).
-6
Let c(n) = -n**3 - 5*n**2 - 3*n - 2. Calculate c(-3).
-11
Let w(s) = -s**2 + 2*s. What is w(2)?
0
Let u(v) = -v**2 - 2*v + 1. Calculate u(0).
1
Let r(b) = 12*b - 13. Calculate r(2).
11
Let l(h) = h - 3. Give l(-5).
-8
Let s(f) = 19*f**2 - 3*f + 1. What is s(1)?
17
Let f(v) = -12*v - 149. Determine f(-13).
7
Let v(z) = z. Give v(1).
1
Let a(b) = b**2 - 94*b + 840. Calculate a(84).
0
Let x(j) = -141*j + 3. Give x(-1).
144
Let r(p) = 4*p - 51. What is r(14)?
5
Let b(j) = -j**3 + 13*j**2 + 10*j + 7. Determine b(14).
-49
Let s(l) = l**2 + 12*l + 20. Determine s(-8).
-12
Let s(z) = z - 9. What is s(13)?
4
Let i(l) = l + 66. Give i(12).
78
Let c(h) = 20*h + 72. Calculate c(-5).
-28
Let i(o) = -o**3 + 6*o**2 - 7*o + 1. Give i(4).
5
Let n(l) = -l**2 + 8*l + 68. Calculate n(14).
-16
Let l(o) = -3*o - 15. Give l(-3).
-6
Let l(g) = -g**3 - 31*g**2 + 3. Give l(-31).
3
Let o(q) = -q**3 - 18*q**2 - 32*q - 10. Determine o(-16).
-10
Let v(r) = r**2 + 5*r - 9. Give v(-6).
-3
Let k(g) = g**3 + 2*g**2 + 7. What is k(-3)?
-2
Let w(k) = k**3 + 21*k**2 - 21*k + 24. Give w(-22).
2
Let a(r) = r**3 + 43*r**2 - 44*r + 40. What is a(-44)?
40
Let b(p) = -p**3 - 5*p**2 + 12*p - 98. Calculate b(-8).
-2
Let q(x) = -2*x**2 - 6*x + 6. Give q(-5).
-14
Let u(s) = 4*s**2 - 11*s + 5. Determine u(3).
8
Let t(n) = -n**3 - 23*n**2 + n + 40. What is t(-23)?
17
Let h(t) = -t**2 - t - 1. Calculate h(3).
-13
Let d(t) = t**3 - 6*t**2 + 5*t + 2. Give d(5).
2
Let m(t) = -t**2 - 7*t - 2. Give m(-1).
4
Let f(d) = -5*d**2 - 11*d - 8. Determine f(-2).
-6
Let h(s) = s**2 + 5*s + 21. What is h(-7)?
35
Let q(l) = -3*l - 57. Determine q(-16).
-9
Let f(l) = -6*l - 81. What is f(-14)?
3
Let r(t) = -29*t + 214. Determine r(7).
11
Let o(u) = -u**2 - 27*u + 97. Calculate o(-30).
7
Let f(r) = -r**2 - 7*r + 6. What is f(-7)?
6
Let x(d) = d**2 - 5*d + 5. What is x(6)?
11
Let a(r) = -r - 28. Determine a(6).
-34
Let d(z) = -z**3 - 13*z**2 + 5*z + 63. Give d(-13).
-2
Let u(r) = r**2 + 28*r + 21. Calculate u(-27).
-6
Let o(x) = -14*x + 1. Determine o(-2).
29
Let x(b) = b**3 + 6*b**2 - 6*b + 3. Determine x(-7).
-4
Let g(s) = 5*s + 46. What is g(-10)?
-4
Let b(s) = s + 18. Give b(7).
25
Let n(m) = 3*m**2 - 35*m - 51. Determine n(13).
1
Let q(v) = -v**3 + 6*v**2 - 5*v + 6. Give q(5).
6
Let u(q) = -q**2 - 6*q + 2. Calculate u(-7).
-5
Let t(s) = -s**2 + 2*s. Determine t(4).
-8
Let v(b) = -b**3 - 9*b**2 + 2*b + 11. What is v(-9)?
-7
Let i(q) = -3*q + 34. Determine i(-15).
79
Let m(d) = d**3 - 12*d**2 + 12*d + 7. Calculate m(10).
-73
Let g(z) = z**2 - z + 18. What is g(0)?
18
Let l(u) = u**2 - 18*u + 5. What is l(18)?
5
Let z(s) = -3*s - 38. Determine z(-9).
-11
Let v(j) = j**3 - 7*j**2 + 6*j + 1. Determine v(6).
1
Let z(g) = 20*g**3 - g**2 + 4*g - 3. Determine z(1).
20
Let c(k) = k**3 - 11*k**2 - k + 15. What is c(11)?
4
Let w(r) = -2*r + 11. Determine w(9).
-7
Let h(p) = -7*p - 5. Determine h(1).
-12
Let t(y) = -5*y**2 - 7*y - 10. Determine t(-5).
-100
Let c(l) = 3*l + 73